
{"id":880,"date":"2019-03-28T08:58:38","date_gmt":"2019-03-28T07:58:38","guid":{"rendered":"http:\/\/www.pascal-leval.fr\/?page_id=880"},"modified":"2019-03-28T08:58:38","modified_gmt":"2019-03-28T07:58:38","slug":"politique-de-confidentialite","status":"publish","type":"page","link":"https:\/\/www.pascal-leval.fr\/?page_id=880","title":{"rendered":"Politique de confidentialit\u00e9"},"content":{"rendered":"\n<p>Charte sur la politique de protection des donn\u00e9es personnelles<\/p>\n\n\n\n<p>Responsable du traitement des donn\u00e9es personnelles :<br>\nPascal L\u00e9val<br>\n2 rue de la Laine<br>\n67160 WISSEMBOURG<\/p>\n\n\n\n<p>Type de donn\u00e9es trait\u00e9es :<br>\nNom, Pr\u00e9nom, Adresse email.<\/p>\n\n\n\n<p>DUREE DE CONSERVATION DES DONNEES<br>\nLes donn\u00e9es personnelles sont conserv\u00e9es conform\u00e9ment aux prescriptions l\u00e9gales.<\/p>\n\n\n\n<p>NON-COMMUNICATION DES DONN\u00c9ES PERSONNELLES<br>Les Donn\u00e9es Personnelles ne seront pas transmises \u00e0 des acteurs commerciaux ou publicitaires.<\/p>\n\n\n\n<p>S\u00c9CURIT\u00c9<br>Pascal L\u00e9val, Naturopathe met en oeuvre toutes les mesures techniques et organisationnelles afin d\u2019assurer la s\u00e9curit\u00e9 des traitements de donn\u00e9es \u00e0 caract\u00e8re personnel et la confidentialit\u00e9 de Donn\u00e9es Personnelles.<\/p>\n\n\n\n<p>En application de la loi, vous b\u00e9n\u00e9ficiez d&#8217;un droit d&#8217;acc\u00e8s et de rectification aux informations qui vous concernent.<\/p>\n","protected":false},"excerpt":{"rendered":"<p>Charte sur la politique de protection des donn\u00e9es personnelles Responsable du traitement des donn\u00e9es personnelles : Pascal L\u00e9val 2 rue de la Laine 67160 WISSEMBOURG Type de donn\u00e9es trait\u00e9es : Nom, Pr\u00e9nom, Adresse email. DUREE DE CONSERVATION DES DONNEES Les donn\u00e9es personnelles sont conserv\u00e9es conform\u00e9ment aux prescriptions l\u00e9gales. NON-COMMUNICATION DES DONN\u00c9ES PERSONNELLESLes Donn\u00e9es Personnelles ne &hellip; <a href=\"https:\/\/www.pascal-leval.fr\/?page_id=880\" class=\"more-link\">Continuer la lecture de <span class=\"screen-reader-text\">Politique de confidentialit\u00e9<\/span> <span class=\"meta-nav\">&rarr;<\/span><\/a><\/p>\n","protected":false},"author":1,"featured_media":0,"parent":0,"menu_order":0,"comment_status":"closed","ping_status":"closed","template":"","meta":{"footnotes":""},"class_list":["post-880","page","type-page","status-publish","hentry"],"_links":{"self":[{"href":"https:\/\/www.pascal-leval.fr\/index.php?rest_route=\/wp\/v2\/pages\/880","targetHints":{"allow":["GET"]}}],"collection":[{"href":"https:\/\/www.pascal-leval.fr\/index.php?rest_route=\/wp\/v2\/pages"}],"about":[{"href":"https:\/\/www.pascal-leval.fr\/index.php?rest_route=\/wp\/v2\/types\/page"}],"author":[{"embeddable":true,"href":"https:\/\/www.pascal-leval.fr\/index.php?rest_route=\/wp\/v2\/users\/1"}],"replies":[{"embeddable":true,"href":"https:\/\/www.pascal-leval.fr\/index.php?rest_route=%2Fwp%2Fv2%2Fcomments&post=880"}],"version-history":[{"count":1,"href":"https:\/\/www.pascal-leval.fr\/index.php?rest_route=\/wp\/v2\/pages\/880\/revisions"}],"predecessor-version":[{"id":881,"href":"https:\/\/www.pascal-leval.fr\/index.php?rest_route=\/wp\/v2\/pages\/880\/revisions\/881"}],"wp:attachment":[{"href":"https:\/\/www.pascal-leval.fr\/index.php?rest_route=%2Fwp%2Fv2%2Fmedia&parent=880"}],"curies":[{"name":"wp","href":"https:\/\/api.w.org\/{rel}","templated":true}]}}

Politique de confidentialité

<p>Charte sur la politique de protection des données personnelles</p>



<p>Responsable du traitement des données personnelles :<br>
Pascal Léval<br>
2 rue de la Laine<br>
67160 WISSEMBOURG</p>



<p>Type de données traitées :<br>
Nom, Prénom, Adresse email.</p>



<p>DUREE DE CONSERVATION DES DONNEES<br>
Les données personnelles sont conservées conformément aux prescriptions légales.</p>



<p>NON-COMMUNICATION DES DONNÉES PERSONNELLES<br>Les Données Personnelles ne seront pas transmises à des acteurs commerciaux ou publicitaires.</p>



<p>SÉCURITÉ<br>Pascal Léval, Naturopathe met en oeuvre toutes les mesures techniques et organisationnelles afin d’assurer la sécurité des traitements de données à caractère personnel et la confidentialité de Données Personnelles.</p>



<p>En application de la loi, vous bénéficiez d&#8217;un droit d&#8217;accès et de rectification aux informations qui vous concernent.</p>

<p>Charte sur la politique de protection des données personnelles Responsable du traitement des données personnelles : Pascal Léval 2 rue de la Laine 67160 WISSEMBOURG Type de données traitées : Nom, Prénom, Adresse email. DUREE DE CONSERVATION DES DONNEES Les données personnelles sont conservées conformément aux prescriptions légales. NON-COMMUNICATION DES DONNÉES PERSONNELLESLes Données Personnelles ne &hellip; <a href="https://www.pascal-leval.fr/?page_id=880" class="more-link">Continuer la lecture de <span class="screen-reader-text">Politique de confidentialité</span> <span class="meta-nav">&rarr;</span></a></p>
